 when 91 is divided by 12?
7
What is the remainder when 1377 is divided by 20?
17
What is the remainder when 468 is divided by 77?
6
What is the remainder when 36 is divided by 14?
8
Calculate the remainder when 2751 is divided by 102.
99
What is the remainder when 63 is divided by 11?
8
What is the remainder when 230 is divided by 62?
44
Calculate the remainder when 614 is divided by 119.
19
Calculate the remainder when 246 is divided by 31.
29
Calculate the remainder when 222 is divided by 16.
14
Calculate the remainder when 33609 is divided by 29.
27
Calculate the remainder when 302 is divided by 106.
90
What is the remainder when 508 is divided by 51?
49
What is the remainder when 1465 is divided by 49?
44
What is the remainder when 632 is divided by 108?
92
What is the remainder when 203 is divided by 27?
14
Calculate the remainder when 3308 is divided by 330.
8
Calculate the remainder when 56 is divided by 13.
4
Calculate the remainder when 8440 is divided by 6.
4
Calculate the remainder when 3071 is divided by 48.
47
What is the remainder when 701 is divided by 47?
43
Calculate the remainder when 109 is divided by 57.
52
Calculate the remainder when 17 is divided by 4.
1
Calculate the remainder when 2285 is divided by 455.
10
What is the remainder when 34 is divided by 10?
4
What is the remainder when 2589 is divided by 37?
36
What is the remainder when 136 is divided by 29?
20
What is the remainder when 41 is divided by 39?
2
Calculate the remainder when 165 is divided by 27.
3
What is the remainder when 824 is divided by 14?
12
Calculate the remainder when 5840 is divided by 266.
254
Calculate the remainder when 452 is divided by 65.
62
What is the remainder when 66 is divided by 26?
14
Calculate the remainder when 38742 is divided by 27.
24
Calculate the remainder when 846 is divided by 85.
81
Calculate the remainder when 819 is divided by 25.
19
Calculate the remainder when 261 is divided by 15.
6
What is the remainder when 451 is divided by 38?
33
What is the remainder when 2819 is divided by 94?
93
Calculate the remainder when 351 is divided by 16.
15
Calculate the remainder when 137 is divided by 129.
8
What is the remainder when 214 is divided by 7?
4
Calculate the remainder when 153 is divided by 7.
6
Calculate the remainder when 104 is divided by 12.
8
What is the remainder when 4784 is divided by 76?
72
What is the remainder when 141 is divided by 7?
1
What is the remainder when 5142 is divided by 206?
198
What is the remainder when 478 is divided by 96?
94
Calculate the remainder when 495 is divided by 89.
50
Calculate the remainder when 393 is divided by 77.
8
What is the remainder when 205 is divided by 5?
0
What is the remainder when 291 is divided by 42?
39
Calculate the remainder when 435 is divided by 173.
89
What is the remainder when 215 is divided by 62?
29
Calculate the remainder when 496 is divided by 122.
8
What is the remainder when 48 is divided by 39?
9
What is the remainder when 17 is divided by 9?
8
Calculate the remainder when 302 is divided by 153.
149
Calculate the remainder when 11 is divided by 4.
3
Calculate the remainder when 390 is divided by 17.
16
Calculate the remainder when 2457 is divided by 1210.
37
Calculate the remainder when 888 is divided by 219.
12
What is the remainder when 36 is divided by 19?
17
What is the remainder when 162 is divided by 42?
36
What is the remainder when 598 is divided by 15?
13
Calculate the remainder when 289 is divided by 58.
57
What is the remainder when 376 is divided by 20?
16
Calculate the remainder when 46 is divided by 5.
1
Calculate the remainder when 155 is divided by 11.
1
What is the remainder when 2208 is divided by 65?
63
What is the remainder when 377 is divided by 39?
26
Calculate the remainder when 171 is divided by 17.
1
Calculate the remainder when 76 is divided by 21.
13
Calculate the remainder when 475 is divided by 28.
27
Calculate the remainder when 149 is divided by 33.
17
Calculate the remainder when 16691 is divided by 15.
11
What is the remainder when 13 is divided by 6?
1
What is the remainder when 149 is divided by 52?
45
What is the remainder when 76 is divided by 39?
37
What is the remainder when 42 is divided by 22?
20
Calculate the remainder when 5 is divided by 4.
1
What is the remainder when 415 is divided by 38?
35
Calculate the remainder when 747 is divided by 75.
72
What is the remainder when 12876 is divided by 140?
136
What is the remainder when 156 is divided by 53?
50
Calculate the remainder when 141 is divided by 16.
13
Calculate the remainder when 159 is divided by 43.
30
Calculate the remainder when 566 is divided by 116.
102
Calculate the remainder when 3625 is divided by 7.
6
Calculate the remainder when 222 is divided by 56.
54
Calculate the remainder when 334 is divided by 24.
22
Calculate the remainder when 285 is divided by 96.
93
What is the remainder when 42 is divided by 23?
19
Calculate the remainder when 268 is divided by 5.
3
What is the remainder when 616 is divided by 31?
27
What is the remainder when 1289 is divided by 162?
155
Calculate the remainder when 82 is divided by 35.
12
Calculate the remainder when 1564 is divided by 112.
108
Calculate the remainder when 24 is divided by 13.
11
Calculate the remainder when 1457 is divided by 9.
8
Calculate the remainder when 1499 is divided by 32.
27
Calculate the remainder when 1372 is divided by 115.
107
What is the remainder when 205 is divided by 115?
90
Calculate the remainder when 581 is divided by 163.
92
Calculate the remainder when 83 is divided by 62.
21
Calculate the remainder when 5101 is divided by 11.
8
What is the remainder when 253 is divided by 81?
10
What is the remainder when 1843 is divided by 142?
139
Calculate the remainder when 123 is divided by 42.
39
Calculate the remainder when 464 is divided by 68.
56
What is the remainder when 722 is divided by 232?
26
Calculate the remainder when 4047 is divided by 81.
78
Calculate the remainder when 2535 is divided by 177.
57
Calculate the remainder when 721 is divided by 10.
1
What is the remainder when 1613 is divided by 201?
5
What is the remainder when 722 is divided by 234?
20
Calculate the remainder when 84 is divided by 47.
37
Calculate the remainder when 87 is divided by 43.
1
What is the remainder when 1825 is divided by 912?
1
What is the remainder when 2157 is divided by 15?
12
What is the remainder when 48 is divided by 26?
22
Calculate the remainder when 2150 is divided by 27.
17
Calculate the remainder when 109 is divided by 22.
21
Calculate the remainder when 2967 is divided by 99.
96
What is the remainder when 3314 is divided by 85?
84
Calculate the remainder when 228 is divided by 138.
90
Calculate the remainder when 317 is divided by 21.
2
Calculate the remainder when 418 is divided by 108.
94
Calculate the remainder when 157 is divided by 48.
13
What is the remainder when 3819 is divided by 47?
12
What is the remainder when 124 is divided by 32?
28
What is the remainder when 742 is divided by 183?
10
What is the remainder when 387 is divided by 122?
21
Calculate the remainder when 358 is divided by 90.
88
Calculate the remainder when 4366 is divided by 78.
76
Calculate the remainder when 1048 is divided by 71.
54
Calculate the remainder when 134 is divided by 5.
4
Calculate the remainder when 6416 is divided by 31.
30
What is the remainder when 404 is divided by 37?
34
What is the remainder when 849 is divided by 34?
33
What is the remainder when 26 is divided by 10?
6
What is the remainder when 58 is divided by 28?
2
What is the remainder when 53 is divided by 32?
21
Calculate the remainder when 116 is divided by 38.
2
Calculate the remainder when 1031 is divided by 337.
20
Calculate the remainder when 150 is divided by 17.
14
Calculate the remainder when 2245 is divided by 25.
20
Calculate the remainder when 751 is divided by 38.
29
Calculate the remainder when 1581 is divided by 132.
129
Calculate the remainder when 341 is divided by 8.
5
What is the remainder when 71 is divided by 33?
5
Calculate the remainder when 120 is divided by 53.
14
Calculate the remainder when 70 is divided by 37.
33
What is the remainder when 455 is divided by 8?
7
What is the remainder when 1080 is